- 6/a. What is the greatest common factor of j and 5?
5
Let y be (-24 - -23) + (-18)/(-1)*1. Suppose 12*v = y*v - 50. Calculate the highest common divisor of 2 and v.
2
Let r(p) = 9*p**2 - 3*p + 6. Let d be r(4). Let c be d/12 - (-6)/4. Calculate the greatest common factor of c and 13.
13
Let g(p) = 31*p + 2. Let h be g(10). Calculate the highest common factor of h and 234.
78
Let k be (-1 - 0 - -17) + 2. Let t(l) = 8*l + 16. Let i be t(k). What is the highest common divisor of 20 and i?
20
Let o be -5*(-8 + (4 - 3)). What is the highest common divisor of 280 and o?
35
Let p(n) = -n**3 - 3*n**2 + n - 1. Let t be p(-4). Suppose 16*v = 73*v - 57. What is the greatest common divisor of t and v?
1
Let a be 4/10 - 252/(-70). Suppose -3*h - a*n = -0*h - 45, -h + 4*n + 31 = 0. What is the highest common divisor of 76 and h?
19
Let c(o) = 13*o + 41. Let t be c(-3). Let x = 39 + -28. Let b be (13 - x) + 0 + t. What is the greatest common divisor of 20 and b?
4
Suppose -5*s - 9*t = -10*t - 134, 2*s - 47 = 7*t. What is the highest common divisor of s and 27?
27
Let a = -35 - -59. Suppose 3*c - a = -n, -5*c - 1 = 3*n - 53. Let g(r) = r - 4. Let d be g(5). Calculate the highest common divisor of n and d.
1
Let r = 146 + -242. Let s = r - -129. Calculate the greatest common factor of s and 3.
3
Let n be (12/9)/(32/432). What is the greatest common divisor of 62 and n?
2
Suppose 2*s = -5*k - 87, -48 = 3*k - 5*s - 2. Let z be -2 + (3 - 1) - k. Let b be (8 - 5 - 10)*-17. What is the greatest common divisor of z and b?
17
Let u(f) = 121*f - 54. Let y be u(5). What is the highest common divisor of 19 and y?
19
Let z = 10 + -5. Let n be ((-3)/(-1) - 3)/2. Suppose f + n*f = z*k + 94, 2*f - 199 = -k. Calculate the greatest common factor of f and 9.
9
Suppose -6*c = -2*c - 60. Suppose 3*z - 4 - 23 = 0. Let f = c + z. Calculate the greatest common divisor of f and 36.
12
Let x be -7 + 10 + -1 + (-178)/(-1). What is the greatest common divisor of x and 80?
20
Let d = 140 + -63. Let f = d + -9. Calculate the highest common divisor of 17 and f.
17
Let c(t) = 55*t**2 - 70*t - 317. Let s be c(-5). Calculate the greatest common factor of s and 264.
88
Let q(j) = -j**3 - 15*j**2 - 13*j + 12. Let w be q(-14). Let t be w/(-6) + (-4 - (-71)/3). What is the greatest common factor of 10 and t?
10
Suppose -3*k - 6 = 0, 4*j - k - 114 = -0*k. Calculate the highest common divisor of j and 56.
28
Let a be ((-4)/(-10))/((-9)/(-45)). Let m(p) = 2*p**2 + 18*p - 28. Let q be m(-11). What is the highest common factor of a and q?
2
Suppose -37 = -5*y - 17. Let g = y - -10. What is the highest common factor of g and 98?
14
Let v be 2/2 - (-11 - 5). Suppose -184 = -v*z + 16*z. Calculate the highest common factor of 23 and z.
23
Suppose 3*s - 155 = -20. Calculate the highest common divisor of 60 and s.
15
Let j = 2249 - 2199. Calculate the greatest common factor of 110 and j.
10
Let j = -672 - -1212. Calculate the greatest common divisor of 12 and j.
12
Let p(s) = -8*s + 8. Let r be p(4). Let g be 6/8 + (-1302)/r. What is the greatest common divisor of 11 and g?
11
Let v(j) = 2*j - 17. Let l be v(9). Let b(o) = 18*o + 8. Let n be b(l). Calculate the greatest common factor of n and 39.
13
Let t(n) = 4*n + 11*n**2 - 4 - 4 - 3*n**2 - n**3. Let v(s) = -s**3 + s + 2. Let m be v(-2). Let c be t(m). What is the greatest common divisor of c and 192?
24
Let i(u) = 107*u - 244. Let g be i(17). What is the highest common divisor of 126 and g?
63
Suppose -2*n + 29 = -15*j + 20*j, -5*n = 4*j - 115. What is the highest common divisor of 2241 and n?
27
Let x(r) = -13*r + 2. Let i be x(-6). Let f = 1350 + -1340. What is the highest common factor of i and f?
10
Suppose 32 = -2*q + 6*q. Suppose -q*x = -6*x - 48. Suppose 3*b - 16 = 2. Calculate the greatest common factor of x and b.
6
Suppose -3*n - 93 + 513 = 0. Suppose -5*c + n = -3*c. Let q be 3/(1/(c/6)). Calculate the highest common factor of q and 5.
5
Let k be -4*1/(-6)*3. Suppose -4*u + 116 = -2*j + 4*j, 2*u = -5*j + 42. Let n = 37 - u. Calculate the highest common factor of k and n.
2
Let g = 253 + -165. What is the greatest common factor of g and 11?
11
Let w be (12/10)/((-10)/(-525)). Suppose -3*o + 21 = a, -o - 16 = 2*a - w. What is the highest common divisor of 6 and a?
6
Let z(o) = -13*o - 47. Let x be (0 - (-2 + 1))*-5. Let k be z(x). Suppose 4*d - h = 53, 3*h + 10 + 65 = 5*d. Calculate the greatest common factor of k and d.
6
Let q = 746 + -739. Suppose -2*r - 25 = -5*p - r, -4*p = -r - 21. Suppose -p*m = -8 - 20. Calculate the highest common factor of m and q.
7
Let d(t) = 2*t**3 - 4*t**2 + 5*t - 2. Let r be d(3). Let s(m) = -23 + 2*m + r + 12. Let j be s(0). Calculate the greatest common divisor of j and 80.
20
Let p be (15 - 1)*24/14. What is the highest common factor of 24 and p?
24
Let w = 372 + -288. What is the highest common divisor of 36 and w?
12
Suppose 32 = 4*x - 6*x. Let w be (-50)/(-4)*x/(-20). Let y be (-23)/(-1) + (0 - -2). What is the greatest common factor of y and w?
5
Let u be (-100)/(-6)*96/20. Suppose 3*d - 69 = -21. Calculate the highest common divisor of d and u.
16
Let t = 4 - -50. Suppose -w = 4*m - t, w + 2*m = 4*w - 148. Calculate the highest common factor of w and 20.
10
Let y be (-1)/(-5) - (-2)/(-10). Let r(b) be the first derivative of b**2 + 7*b - 31. Let s be r(y). Calculate the highest common factor of s and 63.
7
Let o be 27/36 - 338/(-8). What is the highest common factor of o and 86?
43
Let u(j) = -2*j**2 - 11*j - 3. Let p be u(-5). Suppose c + 2*o - 4 = 0, 0 = -p*o - 2*o - 4. Calculate the highest common factor of 66 and c.
6
Let b be (-182)/4 + (-2)/4. Let w = -24 - b. Calculate the greatest common factor of w and 11.
11
Let z(i) = -4*i + 34. Let o be z(-6). What is the greatest common divisor of o and 1334?
58
Let l(r) = -6*r + 149. Let x be l(22). What is the greatest common factor of 323 and x?
17
Let d be ((-36)/60)/(2/(-248 + -2)). Calculate the highest common factor of 3 and d.
3
Let z(d) be the second derivative of -d**4/3 + d**3/3 + 7*d. Let a be z(-2). Let y = a - -21. Calculate the greatest common factor of 7 and y.
1
Let k(j) = j**3 + 7*j**2 - 6*j - 27. Let a be k(-7). Calculate the greatest common divisor of a and 24.
3
Let b = -354 - -419. What is the highest common divisor of 5 and b?
5
Let z(d) = -2*d - 2. Suppose 0 = -0*l - 3*l + 21. Let w be z(l). Let r be 6/(-24) + (-116)/w. What is the highest common factor of r and 35?
7
Let t be (12/16)/(3/96). Let s = t + -19. What is the greatest common factor of 45 and s?
5
Let y be 1517*3/3 - 5. Calculate the greatest common divisor of y and 6.
6
Suppose 2*j - 16 = -4. Let h(f) = f**3 - 10*f**2 + 9*f + 5. Let l be h(9). Suppose 4*d = 77 - l. What is the highest common factor of d and j?
6
Let r = -106 + 142. Suppose -36 = -2*g + r. Calculate the highest common divisor of 4 and g.
4
Let i be (18 - 15)/((-3)/(-22)). Suppose -4*x - 102 + 806 = 0. Calculate the highest common factor of x and i.
22
Suppose -3*q + 0*q - 5*l + 21 = 0, -3*l = q - 3. Let k = 145 - -459. Suppose -13*o + 332 = -k. Calculate the greatest common factor of o and q.
12
Let x(v) = -12*v - 25. Let q be x(-8). What is the greatest common divisor of 568 and q?
71
Suppose -4*t = -l + 56, -5*l + 5*t + 344 = t. Calculate the greatest common divisor of l and 60.
12
Suppose 56*y - 58*y - 398 = -3*o, -y = -4*o + 539. Let j be ((-68)/(-12))/(1/3). What is the highest common divisor of j and o?
17
Let k = 190 - 186. Suppose -5*t = -3*x - 174 - 60, -171 = -4*t - 3*x. Suppose -k*i + t = -19. What is the highest common factor of 40 and i?
8
Let b(f) = -f**3 - 10*f**2 - 17*f + 11. Suppose 4*z + 11 + 21 = 0. Let h be b(z). Calculate the highest common divisor of h and 152.
19
Suppose n - 2 = 2. Suppose -n*v = -4*z + 256, -3*v - 16 = v. Suppose 4*t = 79 + 1. What is the highest common divisor of t and z?
20
Let d(p) = p - 10. Let i be d(5). Let v be 3/(-21) - 118/7. Let s = i - v. What is the highest common factor of 4 and s?
4
Let f = -15 + 16. Suppose -j - f = -4. Suppose j*m = 23 + 4. What is the highest common factor of m and 1?
1
Suppose 636 = 7*f + 118. Suppose f - 26 = 2*q. Calculate the highest common divisor of q and 264.
24
Suppose -t + 13 = 2*h - 6*t, -5 = -h + 3*t. Let l = h - -41